5*i - 65, -5*c + 65 = 5*i. Calculate the highest common factor of i and 325.
13
Let g be 4/6 + 140/6. Suppose -71 - g = -5*z. Suppose -o - 4*r = -69, -5*r - 222 = -3*o + z. What is the highest common divisor of 11 and o?
11
Let q be 5/10*-2*(-1 - 2). Suppose 13 = q*z - 11. Suppose 0*w - s = -w + z, -s + 8 = w. What is the highest common divisor of w and 12?
4
Suppose 658*k = 669*k - 638. What is the greatest common divisor of k and 12?
2
Let a(s) = -2*s**3 + 68*s**2 - 51*s + 112. Let x be a(33). Let k = -91 + x. What is the highest common divisor of k and 12?
12
Let h(l) = l**2 + 2*l - 28. Let a be h(-6). Let k be 2*(-20)/a + 2 + 0. What is the greatest common divisor of 21 and k?
3
Let q = 3168 + -2811. Calculate the greatest common factor of 136 and q.
17
Let q(r) = -r + 16 + 14 - r + r. Let y be q(6). Let c be ((-10)/20)/(-2*2/y). Calculate the highest common factor of c and 27.
3
Let x be ((-6)/(-7))/(9 - 374/42). Suppose -12*q + 27 + x = 0. Calculate the greatest common divisor of 27 and q.
3
Let c(h) = h**2 - 31*h - 1785. Let b be c(-61). Calculate the highest common divisor of b and 89.
89
Let h(t) = t + 15. Let c be h(-9). Let l be (-1)/c + (-39)/(-18). Let v be (-7 - -32)/(l/2). Calculate the greatest common factor of v and 150.
25
Suppose 7241 - 1393 = -0*k + 17*k. What is the highest common divisor of k and 8?
8
Let m be (-14)/469 + 23/(55476/892512). Let d be 39/2 + 2/4. Calculate the highest common factor of m and d.
10
Let b(c) = -c**2 - 2*c - 1. Let s be b(-1). Suppose -7*x + 4998 - 1085 = s. Calculate the greatest common factor of 13 and x.
13
Suppose 0*d = -d - 5*d. Suppose 12*b + 7 - 31 = d. What is the highest common factor of 22 and b?
2
Suppose 24 = 3*u - 18. Let s(m) = -m**3 + 9*m**2 - m + 3. Let q be s(5). What is the highest common divisor of q and u?
14
Suppose -40 = -4*x + 200. Let f = 80 - 91. Let d = f - -41. What is the highest common divisor of x and d?
30
Let p = -34 + 38. Suppose -p*b = -5*b + 3. Suppose 8 = b*k - 31. What is the greatest common factor of 26 and k?
13
Let o(v) = -v**3 + 16. Let r be o(0). Suppose 7*g + 145*g - 796 = 1028. What is the highest common divisor of g and r?
4
Let b(w) = w - 23. Let g be b(0). Let k = g - -26. Let m be (-4)/(0 + 12)*k*-10. What is the greatest common factor of 50 and m?
10
Let j = 23 + 1. Let m be -182 + 1 + (23 - j). Let i be (8/(-14))/(4/m). What is the greatest common divisor of i and 286?
26
Let h(d) = d**3 - d**2 + 11*d + 315. Let p be h(0). Calculate the highest common factor of 55 and p.
5
Let v(r) = 47*r - 133. Let i be v(3). Suppose -i*x + 17*x = 2916. Calculate the highest common divisor of x and 72.
36
Suppose 17*k + 55 - 276 = 0. Let n be (-81 - -3)/((-9)/24). Calculate the greatest common divisor of k and n.
13
Let u(p) = 3*p**2 - 20*p + 14. Let c be u(6). Let g = -19 - -29. Let a be (g - 1) + c + -6. What is the greatest common divisor of 35 and a?
5
Let w(b) = 33*b**2 + 80*b - 13. Let a be w(-3). Let c = 320 + -153. Suppose 5*q - c = -2. What is the greatest common factor of q and a?
11
Let s(u) = 3*u + 29. Let v be s(-7). Let x be v/14 + (-7)/((-343)/2814). Calculate the highest common divisor of x and 29.
29
Suppose 2160 = 9*f - 1647. Let w = f + -414. What is the highest common factor of w and 9?
9
Suppose 3*h + 6350 = 4*k, 0 = -h - 2 - 0. Let m be k/65 + -8 + 4/(-10). Calculate the greatest common divisor of 36 and m.
4
Let r be -39*(3/(-27) - 6/27). Let l be 112/3*(r/2 - 5). Suppose -25 = -3*j - v, -37 = j - 6*j + 3*v. What is the highest common factor of l and j?
8
Let s(m) = 26*m**2 + 187*m + 186. Let y be s(-1). Suppose -2*d - d = -2*n - 292, 0 = -5*n + 20. Calculate the greatest common factor of d and y.
25
Let k(b) = b**3 + 18*b**2 - 5*b - 589. Let c be k(-15). What is the highest common divisor of 168 and c?
7
Let c be 6/(-9)*(-357)/(-14). Let i = c - -192. Calculate the highest common factor of i and 75.
25
Suppose 38*l + 15840 = 149*l + 65*l. What is the greatest common divisor of 110 and l?
10
Suppose -5*z + 45 = -5*g, -3*z = -2*z + 5*g - 33. Let y = 37 - z. What is the greatest common factor of 56 and y?
8
Let s(p) = -167*p + 1306. Let w be s(2). Calculate the greatest common divisor of 1836 and w.
108
Let m be (106*1)/(436/6758). Calculate the highest common factor of m and 212.
53
Let k be (9/(126/98))/((-2)/(-10) + 0). What is the highest common factor of 20 and k?
5
Let u = -20 - -351. Suppose -u = -13*p + 254. Suppose -12*f = -15*f + p. What is the greatest common factor of f and 15?
15
Suppose 4*p + m = 2242, -2*p + 45*m + 1112 = 44*m. What is the highest common divisor of p and 26?
13
Suppose -375 + 65 = -5*q. Let k(y) = 3*y**3 - 3*y**2 + 259*y - 1598. Let a be k(6). What is the highest common divisor of a and q?
62
Let j be (8 - 1) + -8 + -5. Let b be (j + -32)/(6/(-12)). What is the highest common divisor of 20 and b?
4
Let s = -39637 - -39663. Suppose f - 5*r - 57 = 0, -265 = -5*f + 3*r + 2*r. What is the highest common divisor of s and f?
26
Let v = -160 + 132. Let q be 144/v*(-112)/24. Calculate the greatest common factor of q and 132.
12
Suppose -28*r + 24*r - 32 = -2*l, -5*r + 77 = 2*l. Suppose -k = -l - 110. What is the greatest common divisor of k and 51?
17
Suppose 3*v - 9 - 3 = 0. Let o be (-7 - (-350)/42)/(4/30). What is the highest common divisor of v and o?
2
Suppose 8*i - 7*i - 6 = 0. Let r be 97 + (-3 + i - -1). Suppose 0 = -3*t + y + r, -4*t = -7*t - 4*y + 121. Calculate the greatest common factor of 10 and t.
5
Let g be ((-336)/(-16))/((-36)/(-120)). Calculate the highest common divisor of 750 and g.
10
Let c = -286 + 361. Suppose -c*b + 162 = -72*b. Calculate the highest common factor of 2 and b.
2
Let y be 10*(138/4)/3. Suppose 3*h = 7*k - 2*k - 213, 3*k - 5*h = y. Suppose 8*q - 1938 = -1818. What is the greatest common factor of k and q?
15
Let q(d) = d**3 + 37*d**2 + 84*d - 44. Let p be q(-34). What is the highest common factor of 44 and p?
4
Let v(b) = -279*b**2 - b + 174*b**2 + 191*b**2. Let q be v(2). What is the greatest common divisor of q and 38?
38
Let r(j) = -593*j**3 - j**2 + 51*j + 51. Let x be r(-1). What is the highest common divisor of 16 and x?
16
Suppose 0 = -3*x + 15, 2*v - 4*v - 98 = 2*x. Let p = -27 - v. Suppose 5*f = -4*k + 116, -f - 2*k + p = -5*k. What is the greatest common factor of f and 168?
24
Suppose 525 = 6*d - 3*d. Let m(v) = 10*v**2 - 480*v - 975. Let i be m(-2). What is the greatest common factor of d and i?
25
Suppose -126 = -3*f - 30. Let s = -23 + f. Let z = -2362 + 2398. Calculate the highest common divisor of s and z.
9
Let o be (-4 + (-1)/2)/((-3)/16). Let h be -145*(-2 + o/10). Let s = h - -60. Calculate the greatest common divisor of 2 and s.
2
Let j = 39410 - 38192. What is the highest common factor of 602 and j?
14
Let d be (-1754)/(-8) - 3/(-4). Let l(j) be the first derivative of -j**3/3 + 6*j**2 - 12*j + 10. Let g be l(8). What is the greatest common divisor of g and d?
20
Let y = -6821 + 6822. Calculate the highest common divisor of 1397 and y.
1
Let k(j) = 7*j**2 + 57*j + 17. Let i be k(-8). Suppose -16 = -i*d + 5*d, -2*n = 4*d - 496. Calculate the highest common divisor of 30 and n.
30
Let i = 54 + -681. Let d = 645 + i. What is the greatest common factor of d and 189?
9
Suppose -6*k - 356 - 328 = 0. Let q = -87 - k. What is the greatest common factor of 189 and q?
27
Let x be 7 - (-7 + 6 + 6). Let b be 40*7/42 - x/(-6). Let j be -3*(-34)/3 - -1. Calculate the greatest common factor of j and b.
7
Suppose -3*b - 2*c = 1367, -6*b - c - 910 = -4*b. Let o = b - -490. Calculate the highest common factor of 2 and o.
1
Suppose l = -3*n - 2*l + 207, -4*n = -5*l - 240. Suppose 151*a - 104 = 143*a. Calculate the greatest common factor of n and a.
13
Suppose -66 - 233 = 13*s. Let t be s*(-2)/(-6)*(-53 + 17). Calculate the greatest common factor of 23 and t.
23
Let i(d) = -33*d. Let w be i(-3). Let m(p) = p**3 - 28*p**2 + 114*p + 67. Let u be m(23). Calculate the highest common divisor of u and w.
11
Let a = 99 + -42. Suppose -78*c + 75*c = -a. Calculate the highest common factor of c and 1273.
19
Suppose -71 = -3*x + 61. Let k(o) = o**3 - 158*o**2 + 173*o - 2182. Let w be k(157). Calculate the highest common factor of x and w.
22
Let g = 41 + 87. Suppose 11 = k + 3*z, -2